
5
Let d(m) = m - 8. Let b be d(10). Let w(u) = -34 - b*u**2 + 71 - 2*u - 41. Calculate w(-3).
-16
Let d be 6*(6/8 - (-6)/(-24)). Let l(c) = -c**2 + 2*c + 6. What is l(d)?
3
Let i(u) = u**3 + 4*u**2 - 3. Let x = 295 - 299. Give i(x).
-3
Let j = 33 + -33. Let f(c) = j*c + 3*c - 1 - 6*c. Suppose -3*h + 5 = -2*z, -2*z - 2*h - 6 = -6*h. Give f(z).
2
Let q(p) = -5*p + 26. Let t(n) = -3*n**2 - 13*n - 8. Let v be t(-3). Calculate q(v).
6
Let c(n) = -3*n - 5*n - 6 + 4 - 9. Let j(y) = -7*y - 10. Let t(r) = -5*c(r) + 6*j(r). Give t(-4).
3
Let x(z) be the first derivative of z**3/3 + 9*z**2/2 + 17*z + 417. Determine x(-3).
-1
Let x(y) = -y + 4. Suppose 2*g + 0 = 6. Let a be x(g). Let v(f) = -a - 4*f - 2 + 4 - 6*f. Give v(-1).
11
Let f(y) = 14*y**2 + 6*y - y**3 - 5*y + 1 - 13*y**2. Determine f(2).
-1
Let j = 7 + 0. Let r(k) = 2*k**3 - 2*k + 2. Let z be r(1). Let g(c) = 0*c**z - 4 + 8*c - c**2 + 3 - 2. What is g(j)?
4
Suppose 3*x = 7*x - 44. Let v(h) = x*h**2 - 16*h**2 - 3*h + 3*h + 1. Let f = 2 + -1. Calculate v(f).
-4
Suppose 3*q = p - q + 9, 5*p = 5*q. Let x(u) = -6*u + 7. Calculate x(p).
-11
Let f(g) = -3 + 4 - g + 1 + 3. Determine f(8).
-3
Let u(n) = -n**2 + 2*n + 8. Let m be u(-2). Suppose 0*v + 3*c = -v - 7, m = 4*v + 2*c - 12. Let x(o) = 0 + 0*o**3 + 2 + 2*o + o**3 - 6*o**2. Calculate x(v).
-13
Let c(b) = -b**2 + 3*b + 8. Suppose -27 = -4*z - 3*a, -5*z + 2*a + 40 = 12. Calculate c(z).
-10
Let h(c) be the second derivative of c**3/6 - 10*c. Suppose -2*d = 2*d. Suppose -2*j = o - 4, -5*o + 6 = -4*j - d. Give h(j).
1
Let r(c) be the third derivative of 1/24*c**4 - 36*c**2 + 0*c + 0 - 1/60*c**5 - 5/2*c**3. Determine r(0).
-15
Let n(w) = -3 - 37*w + 7*w + 2 + w. Calculate n(-1).
28
Let a(y) = 27*y**3 - 5*y**2 + 14*y + 3. Let l(c) = 18*c**3 - 3*c**2 + 9*c + 2. Let i(v) = 5*a(v) - 8*l(v). Let j be (-275)/(-55) + (-12)/(2/1). What is i(j)?
9
Let x = -6350 - -6346. Let n(p) be the third derivative of p**6/120 + p**5/10 + 7*p**4/24 + p**3 - p**2. Determine n(x).
10
Let s(t) = t - 4. Suppose -d = 5*q + 135, 2*q = -q + d - 81. Let o = -17 - q. Suppose -o = 4*c + 10. Determine s(c).
-9
Let j(x) be the second derivative of -1/12*x**4 + 0 - 7/6*x**3 - x**2 - 22*x. Give j(-6).
4
Let n(o) = -o**2 + 2*o + 1. Suppose 2*d - 8 = 10. Suppose 3 - d = -2*s. Determine n(s).
-2
Let u(s) = -s**3 - 3*s**2 + 5*s - 1. Let z = 11 + -6. Suppose -z*c = -9*c - 16. Determine u(c).
-5
Let x(c) = -2*c**2 + 11*c - 7. Let r(o) = 3*o**2 - 12*o + 7. Let q(h) = -3*r(h) - 4*x(h). Let m be -3 - (-3)/(3/(-4)). Determine q(m).
14
Suppose -4*x + 14*y = 9*y - 15, 5*x - 9 = 3*y. Let n(o) = o + 9. Calculate n(x).
9
Let d be (135/(-162))/((-1)/6). Let s(l) = -2*l**2 + 12*l - 9. Calculate s(d).
1
Let p(a) = 2*a. Let j be p(3). Let t(d) = -2*d + 8. Let n be t(j). Let b(g) be the third derivative of g**5/60 + g**4/6 + g**3/3 + g**2. Give b(n).
2
Suppose -3*o = -5*i + 9, 1 = 5*i + 2*o + 7. Let v(q) = q**3 - 10. Determine v(i).
-10
Let i(n) = -n**2 - 3*n - 4*n - 1 + 2*n. Suppose -9*p + 4*a = 17, -65*a + 61*a - 48 = 4*p. What is i(p)?
-1
Let l(d) = -d - 7. Let f be l(0). Let j(i) = -i**2 - 9*i - 10. What is j(f)?
4
Suppose 5*y = 4*z - 1, -7*z - 3*y = -3*z + 39. Let v = 9 + z. Let l(s) = s**2 - 3*s - 4. Determine l(v).
-4
Suppose -1 = -5*l + 9. Let o(u) be the second derivative of u**4/4 - u**3/6 + u**2/2 - 2*u. Determine o(l).
11
Let r(s) = -2*s**2 + 25*s + 16. Let h be r(13). Suppose -4*k + 33 + 7 = 0. Suppose j = h*j + k. Let x(b) = -b**2 - 3*b + 5. Calculate x(j).
-5
Let j be 1*-7 - (-2 + 0). Let o(l) = -l**2 + l + 4. Let x(c) = 8*c**2 - 10*c - 32. Let k(u) = -17*o(u) - 2*x(u). Determine k(j).
6
Let q(g) = 9*g + 25*g**2 - 3 - 8*g + 2 + 0. Give q(1).
25
Let k be -10 - (-9 - -5) - 40/(-5). Let o(d) be the first derivative of d + 1 - 4*d**2 + 3*d**2 + 3*d**2. Calculate o(k).
9
Suppose 3*l = -6*l + 126. Let f(s) = -2*s + 21. What is f(l)?
-7
Let u = 2270 + -2259. Let m(w) = -w**3 + 13*w**2 - 22*w + 5. What is m(u)?
5
Let y(t) = -3*t**2 + 3*t + 1. Suppose -4129*o = -4124*o + 10. What is y(o)?
-17
Let y(z) = -z - 4. Let v be y(2). Let r(c) = -c**3 - 5*c**2 + 5*c - 13. Let f be r(v). Let x(s) = -s - 4. Give x(f).
3
Let d = 13 - 16. Let k(l) = l**2 + 1. Let h(t) = -2*t**2 + 5*t + 4. Let p(f) = d*k(f) - h(f). Suppose 3*g - 15 = 6*g. Give p(g).
-7
Let o(h) = -h + 4. Let n(k) = 10*k + 132. Let u be n(-13). Give o(u).
2
Let n(m) = 145*m + 1 + 10 - 4 - 146*m. What is n(4)?
3
Let u be (-8)/(-30)*-3*-5. Let h(z) = 6*z**2 + 4*z - 10. Let i(m) = 6 + m - 8 + 6*m**2 + m**2 - 6*m**2. Let t(b) = 2*h(b) - 11*i(b). Determine t(u).
6
Let b(q) = -4*q**2 + 7*q - 7. Let m(g) = 3*g**2 - 5*g + 5. Let i(z) = z**3 + 2*z**2 + 3*z + 13. Let c be i(-3). Let p(r) = c*b(r) - 7*m(r). Give p(1).
-1
Let y(m) = 5*m + 1. Let q be y(1). Let v(k) be the third derivative of -3/2*k**3 + 1/120*k**6 + 0*k + 0 + 6*k**2 + 3/8*k**4 - 7/60*k**5. Determine v(q).
9
Suppose z + 2*k = -14, 3*k + 24 + 7 = -4*z. Let a be (2 + -1)/((-9)/2 - z). Let x(l) = -2*l**2 - l + 1. What is x(a)?
-5
Let a(q) = q**2 + 5*q + 2. Let s = -246 + 240. Give a(s).
8
Let u(k) = -2*k**3 - 3 - 25*k**2 + 19*k**2 + 2*k**3 - k**3 - k. Determine u(-6).
3
Let p = 5 + 3. Let z(f) = 3*f**3 + 8*f**2 - f + 0*f**2 - 6*f**3 + 2*f**3 - 1150 + 1155. Determine z(p).
-3
Suppose 0 = 10*r + r - 22. Let y(k) = r + 4*k + 7 + 0 - 14. Give y(4).
11
Suppose 0 = -m + 2 + 85. Let b = m + -85. Let i(u) = 4*u - 3. Determine i(b).
5
Let x = 14 - 7. Let b(l) = x + l - 6*l + 3*l. What is b(6)?
-5
Let c(a) be the third derivative of a**5/60 + 3*a**4/8 + 2*a**3/3 + 70*a**2. Suppose -m - 4*x - 12 = -7*x, 0 = -5*m + 3*x - 36. What is c(m)?
-14
Let l(x) = x - 6. Let i be l(9). Suppose k - i*o - 8 = 6, 0 = -5*k + 2*o + 5. Let b(q) = -9*q**3 - 3*q + 5*q + 7*q**3 + 2*q**2 + 1 - 6*q**3. Calculate b(k).
9
Suppose 0 = -a - 5*z + 9, 5*z + 20 = 2*a + 2. Suppose -60 = a*i - 6. Let c(p) = p + 6. Give c(i).
0
Suppose 18 = 11*h - 5*h. Let x(c) = -7*c - 3 + 8*c - 7*c + 6 - 2*c. Calculate x(h).
-21
Let a be 1 + 4 + 2 + -4. Let t(y) = -3*y + 5*y - 10 - 2*y + y**a. What is t(0)?
-10
Let l(s) = 3*s - s**3 + 3*s - 60*s**2 - 59*s**2 + 5 + 114*s**2. Determine l(-6).
5
Let o(h) be the second derivative of 0 + 5/2*h**2 + h - 2/3*h**3. Let q be 5 + -4 - 6/(-2). What is o(q)?
-11
Suppose 2*r - 3*m - 34 = 0, 9 - 63 = -3*r + 3*m. Suppose 10*l + r = 50. Let h(s) = s**3 - s**2 - 3*s - 2. Calculate h(l).
7
Let h(q) = 3*q**3 - 2 - 4*q**3 + q - 5*q**2 + 1. Let a = -1 + 4. Let x be ((-2)/6)/(a/45). Give h(x).
-6
Let x(r) = 2*r + 5. Let l(n) = -n**3 + 3*n**2 - 3*n + 2. Let v be l(2). Let m = 17 - 16. Let o be -7 + m + v + 2. Give x(o).
-3
Let h(n) = -n**2 - 11*n + 12. Suppose -33*i - 305 = 91. Determine h(i).
0
Let r(p) = -2*p**2 + 12*p - 8. Let t be r(4). Let v(q) = -q**2 + 10*q**2 - t*q**2. Give v(0).
0
Let g(f) = 2*f + f + 14*f**2 - 6 - 22*f**2 + 0*f**3 - f**3. Let y(j) = j**3 + j**2 + j. Let l(x) = g(x) + 2*y(x). Determine l(5).
-6
Let d(q) = q**3 - 4*q**2 + 4*q - 4. Let h be d(3). Let w(j) = 6 - 6*j**2 + 0*j**2 + 4 - 11. Calculate w(h).
-7
Let l(q) be the first derivative of -q**4/4 - 3*q**3 - q**2/2 - q + 143. Determine l(-9).
8
Let v(x) = 3*x**3 + 8*x - 15. Let d(i) = i**3 + 3*i**2. Let n(f) = 2*d(f) - v(f). Give n(6).
-33
Let v(r) = 3*r**2 - 4*r + 1. Let y(q) = 16*q**2 - 25*q + 5. Let b(h) = 11*v(h) - 2*y(h). Determine b(-4).
-7
Suppose -8 = o - 10. Suppose 2*i - 64 = -0*i - 4*r, 0 = -o*i - 5*r + 69. Suppose -i*b + 24*b = 12. Let h(v) = v**3 - 7*v**2 + 6*v + 6. What is h(b)?
6
Let u(g) be the third derivative of g**4/24 - 2*g**3 - 23*g**2 - 1. What is u(4)?
-8
Let s(a) = 8*a**2 - a**3 + 7 - 4 - 476*a + 467*a. Calculate s(6).
21
Let o(d) = -4*d + 10. Let c be o(4). Let a(h) be the first derivative of -h**4/4 - 5*h**3/3 + 3*h**2 + 6*h - 24. Determine a(c).
6
Suppose 4*x - 24 - 20 = 0. Suppose -3*v + 1 = -x. Let q(l) = -v*l + 3*l - 48 + 34. Calculate q(-7).
-7
Let z(s) be the first derivative of 22 + 4*s + 1/2*s**2. What is z(3)?
7
Suppose 5*c + 4*o = 21, -6*o + 18 = -2*c - o. Suppose 5*y - 9 = c. Let i(n) = n - y*n - n - n - 1. Give i(-3).
8
Let m(p) be the second derivative of -p**3/2 - 5*p**2/2 - 161*p. Give m(-5).
10
Let k = -74 - -77. Let c(u) = 74*u**2 + k - 3*u - 1 - 80*u**2 - 10 - u**3. Give c(-6).
10
Let m(g) = -g**3 - 4*g**2 